{"id":1311,"date":"2025-03-26T16:15:16","date_gmt":"2025-03-26T15:15:16","guid":{"rendered":"https:\/\/www.fanpagekarma.com\/academy\/?page_id=1311"},"modified":"2026-03-03T15:53:45","modified_gmt":"2026-03-03T14:53:45","slug":"api","status":"publish","type":"page","link":"https:\/\/www.fanpagekarma.com\/academy\/de\/api\/","title":{"rendered":"API"},"content":{"rendered":"\n<h1 class=\"wp-block-heading\" style=\"padding-top:0;padding-bottom:0\">Nutzung der Fanpage Karma Data API<\/h1>\n\n\n\n<div style=\"height:50px\" aria-hidden=\"true\" class=\"wp-block-spacer\"><\/div>\n\n\n\n<p>Die Fanpage Karma Data API bietet eine programmgesteuerte Schnittstelle, \u00fcber die Unternehmen mit eigener Dateninfrastruktur Kennzahlen und Beitragsdaten f\u00fcr definierte Zeitr\u00e4ume in einem maschinenlesbaren Format abrufen k\u00f6nnen.<\/p>\n\n\n\n<p>Anstatt Daten manuell aus dem Dashboard zu exportieren, kannst du den Abruf automatisieren und die Informationen direkt in deine eigenen Systeme und Workflows integrieren.<\/p>\n\n\n\n<h2 class=\"wp-block-heading\" style=\"padding-top:var(--wp--preset--spacing--60);padding-bottom:var(--wp--preset--spacing--40)\"><strong>F\u00fcr Entwickler<\/strong><\/h2>\n\n\n\n<p>Eine ausf\u00fchrliche technische Dokumentation findest du hier:<br><a href=\"https:\/\/app.fanpagekarma.com\/api-docs\/v2\">https:\/\/app.fanpagekarma.com\/api-docs\/v2<\/a><\/p>\n\n\n\n<p>Bei weiteren Fragen kontaktiere uns unter:<br><a>service@fanpagekarma.com<\/a><\/p>\n\n\n\n<p><\/p>\n\n\n\n<p><strong>Hinweis:<\/strong> Der API-Zugang ist ab dem Gold-Tarif verf\u00fcgbar.<\/p>\n\n\n\n<div style=\"height:50px\" aria-hidden=\"true\" class=\"wp-block-spacer\"><\/div>\n\n\n\n<p><\/p>\n","protected":false},"excerpt":{"rendered":"<p>Nutzung der Fanpage Karma Data API Die Fanpage Karma Data API bietet eine programmgesteuerte Schnittstelle, \u00fcber die Unternehmen mit eigener [&hellip;]<\/p>\n","protected":false},"author":7,"featured_media":0,"parent":0,"menu_order":0,"comment_status":"closed","ping_status":"closed","template":"","meta":{"_uag_custom_page_level_css":"","site-sidebar-layout":"default","site-content-layout":"","ast-site-content-layout":"default","site-content-style":"default","site-sidebar-style":"default","ast-global-header-display":"","ast-banner-title-visibility":"","ast-main-header-display":"","ast-hfb-above-header-display":"","ast-hfb-below-header-display":"","ast-hfb-mobile-header-display":"","site-post-title":"disabled","ast-breadcrumbs-content":"","ast-featured-img":"","footer-sml-layout":"","ast-disable-related-posts":"","theme-transparent-header-meta":"","adv-header-id-meta":"","stick-header-meta":"","header-above-stick-meta":"","header-main-stick-meta":"","header-below-stick-meta":"","astra-migrate-meta-layouts":"default","ast-page-background-enabled":"default","ast-page-background-meta":{"desktop":{"background-color":"var(--ast-global-color-4)","background-image":"","background-repeat":"repeat","background-position":"center center","background-size":"auto","background-attachment":"scroll","background-type":"","background-media":"","overlay-type":"","overlay-color":"","overlay-opacity":"","overlay-gradient":""},"tablet":{"background-color":"","background-image":"","background-repeat":"repeat","background-position":"center center","background-size":"auto","background-attachment":"scroll","background-type":"","background-media":"","overlay-type":"","overlay-color":"","overlay-opacity":"","overlay-gradient":""},"mobile":{"background-color":"","background-image":"","background-repeat":"repeat","background-position":"center center","background-size":"auto","background-attachment":"scroll","background-type":"","background-media":"","overlay-type":"","overlay-color":"","overlay-opacity":"","overlay-gradient":""}},"ast-content-background-meta":{"desktop":{"background-color":"var(--ast-global-color-5)","background-image":"","background-repeat":"repeat","background-position":"center center","background-size":"auto","background-attachment":"scroll","background-type":"","background-media":"","overlay-type":"","overlay-color":"","overlay-opacity":"","overlay-gradient":""},"tablet":{"background-color":"var(--ast-global-color-5)","background-image":"","background-repeat":"repeat","background-position":"center center","background-size":"auto","background-attachment":"scroll","background-type":"","background-media":"","overlay-type":"","overlay-color":"","overlay-opacity":"","overlay-gradient":""},"mobile":{"background-color":"var(--ast-global-color-5)","background-image":"","background-repeat":"repeat","background-position":"center center","background-size":"auto","background-attachment":"scroll","background-type":"","background-media":"","overlay-type":"","overlay-color":"","overlay-opacity":"","overlay-gradient":""}},"footnotes":""},"categories":[],"class_list":["post-1311","page","type-page","status-publish","hentry"],"lang":"de","translations":{"de":1311,"en":1288,"es":1313},"uagb_featured_image_src":{"full":false,"thumbnail":false,"medium":false,"medium_large":false,"large":false,"1536x1536":false,"2048x2048":false},"uagb_author_info":{"display_name":"Julia Le\u00f3n","author_link":"https:\/\/www.fanpagekarma.com\/academy\/author\/julia\/"},"uagb_comment_info":0,"uagb_excerpt":"Nutzung der Fanpage Karma Data API Die Fanpage Karma Data API bietet eine programmgesteuerte Schnittstelle, \u00fcber die Unternehmen mit eigener [&hellip;]","pll_sync_post":[],"_links":{"self":[{"href":"https:\/\/www.fanpagekarma.com\/academy\/wp-json\/wp\/v2\/pages\/1311","targetHints":{"allow":["GET"]}}],"collection":[{"href":"https:\/\/www.fanpagekarma.com\/academy\/wp-json\/wp\/v2\/pages"}],"about":[{"href":"https:\/\/www.fanpagekarma.com\/academy\/wp-json\/wp\/v2\/types\/page"}],"author":[{"embeddable":true,"href":"https:\/\/www.fanpagekarma.com\/academy\/wp-json\/wp\/v2\/users\/7"}],"replies":[{"embeddable":true,"href":"https:\/\/www.fanpagekarma.com\/academy\/wp-json\/wp\/v2\/comments?post=1311"}],"version-history":[{"count":8,"href":"https:\/\/www.fanpagekarma.com\/academy\/wp-json\/wp\/v2\/pages\/1311\/revisions"}],"predecessor-version":[{"id":1791,"href":"https:\/\/www.fanpagekarma.com\/academy\/wp-json\/wp\/v2\/pages\/1311\/revisions\/1791"}],"wp:attachment":[{"href":"https:\/\/www.fanpagekarma.com\/academy\/wp-json\/wp\/v2\/media?parent=1311"}],"wp:term":[{"taxonomy":"category","embeddable":true,"href":"https:\/\/www.fanpagekarma.com\/academy\/wp-json\/wp\/v2\/categories?post=1311"}],"curies":[{"name":"wp","href":"https:\/\/api.w.org\/{rel}","templated":true}]}}